/24 + g**2. Let p(u) be the second derivative of s(u). Calculate p(5).
-1
Let x(s) = -22*s**3 + 17*s**3 - s - 1 + 3*s. Let c be (6 - 1) + 2*-1. Suppose -c*k = 2*k - 5. Give x(k).
-4
Let t(f) = f**3 + f**3 - 3 - 2*f**2 + 0*f + 2*f. Give t(2).
9
Let h(l) = 5 + 1 - 4 + l**2. Let i(m) = -10*m - 5. Let u be i(-2). Let k = -17 + u. Calculate h(k).
6
Let l(x) = 8*x - 1. Let d(r) = 6*r - 1. Let t(y) = -6*d(y) + 5*l(y). What is t(1)?
5
Let m(h) = h**2 + 5*h + 2. Let b be (3/(-2))/(24/80). Determine m(b).
2
Suppose 5*v + 31 = 6. Let x(s) = -6. Let z(j) be the first derivative of j**2/2 + j - 3. Let o(d) = -x(d) + z(d). Give o(v).
2
Let t(n) be the first derivative of n**3/3 + n**2/2 - 5*n + 19. Give t(4).
15
Let z(w) = 2*w**2. Suppose -3*p + 2*o + 1 = 4*o, -3 = 3*o. Let t be z(p). Let f(g) = -g**2 + 5*g - 3. Give f(t).
3
Let w(p) = 3*p + 1. Let h = -11 + 13. Suppose 0*j = -h*j - 2. What is w(j)?
-2
Let h(q) = -q**2 - q. Let k(b) = 2*b**2 + 5*b - 2. Let v(l) = -3*h(l) - k(l). Calculate v(3).
5
Let m be (2 + (-30)/4)*-4. Let u(y) = y + 2*y**2 + 0*y**2 - 20 + m + 0*y. Calculate u(2).
12
Let g = 8 + -2. Let t(i) = -4*i + 1. Let n(z) = z. Let q(l) = 3*n(l) + t(l). What is q(g)?
-5
Let k be 2/(-10) - (-19)/(-5). Let q(y) = -4*y - 1. Determine q(k).
15
Suppose -2*z - 10 = -7*z. Suppose 0 = z*s - o - 6, 5*s - 18 + 3 = 3*o. Let n(d) = -d - 1. Give n(s).
-4
Let t(o) = o**2 - 6*o - 8. Suppose p + 16 = 3*p - 2*z, 2*p = -5*z + 2. What is t(p)?
-8
Let v(o) be the second derivative of 1/20*o**5 - 1/6*o**4 + 0 - 2/3*o**3 + o + 0*o**2. Let n be v(3). Let s(z) = z. Calculate s(n).
-3
Let j be (-4)/12*3*-5. Let y(g) = -g + 4. Give y(j).
-1
Let d be 66/18 - 4/6. Let x(n) = 2*n**3 - n**2 + d - 3*n**2 - n**3. What is x(4)?
3
Suppose -5*u + 4 = 3*y - 4*u, -u = 2*y - 2. Let c(z) = z**3 + z**2 + 8*z - 3. Let m(v) = v**3 + 7*v - 3. Let s(w) = -4*c(w) + 5*m(w). Give s(y).
-5
Let i(k) = -1 + 25*k**3 - 2*k**2 - 2*k + 37*k**3 - 71*k**3. Let q = 3 + -4. Give i(q).
8
Let u(g) = g + 4. Let i(s) = 1 + 4*s**2 + 0 - s**2 - 4*s**2 - s. Suppose 3*a - 14 = 2*j, -3*a + 5*j + 0*j + 26 = 0. Let q be i(a). Give u(q).
-1
Let l(r) = -r**2 - 8*r + 2. Let k be (-6 + (-160)/(-24))/((-4)/30). Determine l(k).
17
Suppose -4*u = 2*r - 22, 4*u - 12 = -2*r - 2*r. Let y = -10 + u. Let w(a) = a + 2. Give w(y).
0
Let a(m) = -m**2. Let y be a(1). Let q be 0 + y*2 + 4. Let b(t) = -t**2 + 2*t - 2. Let j be b(q). Let x(o) = o**3 + 2*o**2 + 2. Give x(j).
2
Let i(v) = v**3 + 5*v**2 + v - 2. Let h(a) = a**3 + 10*a**2 - 12*a - 14. Let t be h(-11). What is i(t)?
13
Let n(v) be the second derivative of -v**5/20 - 7*v**4/12 - 5*v**3/6 + 4*v**2 + 3*v. Let j be n(-6). Let u(x) = x - 4. What is u(j)?
-2
Let k(j) = -11 + 23 + j - 9. Give k(5).
8
Let i(t) = t**2 - 15*t + 36. Let r be i(12). Let g(l) = -l**2 - 8. Determine g(r).
-8
Let f(x) be the first derivative of -4*x**2 - x - 9. Let p be 0 + (1 - (-4)/(-2)). Determine f(p).
7
Let h(s) = -3*s - 33. Let l be h(-9). Let v(z) = z**3 + 6*z**2 - 3*z + 6. Give v(l).
24
Let l be (3/(-2))/(6/(-8)). Let z(x) = 3*x + 4*x**2 + 3 - 3*x**l + 2 - 3. Let v be (1 - -3)*(-1 - 0). Give z(v).
6
Let j(w) = -w + 8. Suppose 0 = -y + 3*y - 12. Let s = y + -6. What is j(s)?
8
Let w(i) = -i - 3. Let b be (-1 + 1 - 0)/(-1). Suppose 4*x + b*x = 0. Calculate w(x).
-3
Let d(t) = t**3 - 4*t + 5 + 5*t - 7*t - 3*t**2. Let f be (11 - 165/22)*8/7. What is d(f)?
-3
Let i(g) = g**2 - 2*g + 4. Suppose -4*k - 2 = -5*k. Suppose k = -4*d + 18. Suppose -3*z + d*y = -6*z + 5, -y + 2 = z. What is i(z)?
7
Let q(d) = 3 - 3 + 0 - 3*d**2 - 3*d. Suppose 0 = -2*w - 4*k + 8, 0 = -7*w + 2*w - 4*k + 2. Calculate q(w).
-6
Let y(f) = -f + 11. Let q be y(9). Let b(w) = 4*w**2 + q*w + 5*w - 2*w**2 - 3*w**2. Give b(5).
10
Suppose 4*v = -3*b - 1, 0 = -v + 7*b - 3*b + 14. Let z(r) = 0*r**2 + 1 + 3 - r**2 + v*r. Let x(m) = -3*m - 8. Let w be x(-4). What is z(w)?
-4
Let v = 15 - 11. Let r(a) = -a**3 + 3*a**2 + 3*a - 1. Calculate r(v).
-5
Let f(r) = r**2 - 3*r - 4. Suppose 0 = -3*p - p + 4*q + 20, -5*p = q - 13. Determine f(p).
-4
Let c(b) = -b + 2. Suppose -5*t + 5*o - 10 = 0, -3*o = -5*t - 5*o - 31. Determine c(t).
7
Let b = -27 + 15. Let t = -8 - b. Let x(p) = -p**2 + 6*p - 6. What is x(t)?
2
Let j(v) = 2*v**2 + 7*v + 6. Suppose 4*w - 2*a - 3*a = -26, 3*w + a = -10. Give j(w).
10
Let r(n) = 30 + 27 - 91 + 4*n + n**3 - 7*n**2 + 3*n**2 + 35. Let i = 12 - 8. Suppose i*p - 6 = 6. Give r(p).
4
Let w(q) = -q + 3. Let c(d) = d + 3. Suppose -2*f = -5*l - f - 45, -l + f = 13. Let p be c(l). Let i = p + 9. Calculate w(i).
-1
Let u be 6*1*20/(-60). Let a(y) be the third derivative of -y**5/60 + y**2. Determine a(u).
-4
Suppose 10 = 5*q - 5*f - 10, 4*f + 16 = 2*q. Let v(o) be the first derivative of -4 + q*o - 1/3*o**3 + o**2. What is v(3)?
-3
Let c(t) = t**2 + t. Let i(z) = z**3 + 4*z**2 - z - 4. Let l(g) = 2*c(g) - i(g). Give l(-3).
4
Let n(r) be the first derivative of 7*r**4/24 + r**3/6 + r**2 + 10. Let p(i) be the second derivative of n(i). Calculate p(-1).
-6
Let o(u) = 1 - 5*u - 2*u**2 + u**2 - 4. Let p be o(-6). Let i be (-6)/(1 - p/(-3)). Let h(w) = -w**3 + 2*w**2 + 3*w - 3. What is h(i)?
-3
Let i(c) = -c. Let t(w) = -w**3 - 4*w**2 + w - 3. Let o be t(-4). Let p be (-37)/(-7) - (-2)/o. Determine i(p).
-5
Let p(o) = 2*o**2 - o + 16. Let u(r) = -r**2 - 8. Let z(g) = -3*p(g) - 5*u(g). Determine z(6).
-26
Let r be 2/(-8) - (-124)/(-16). Let d(p) = -p - 7. Calculate d(r).
1
Let a(h) be the third derivative of h**6/120 - h**5/30 - h**4/24 + h**3/3 + 3*h**2. Suppose 0 = -4*f - 3*y - 23, -4 + 0 = -3*f + 2*y. Give a(f).
-12
Suppose 0*v = -v - 3. Let x(y) = 4*y - 2*y + 3 - 1 + y**2 + 2*y. Give x(v).
-1
Let y(w) = -2*w - 6. Let u = 9 - 13. What is y(u)?
2
Let d(z) = z**2 - z - 1. Let v(n) = -4*n**2 - 4*n - 4. Let l(m) = 3*d(m) + v(m). Give l(-6).
-1
Let p(l) = -3*l**2 - 11*l + 8. Let c(t) = -5*t**2 - 21*t + 15. Let a(j) = -4*c(j) + 7*p(j). Calculate a(4).
8
Let k be 203/28 + (-3)/(-4). Suppose 0 = 2*i + 3*f + 1, 6*f - 4*f + k = -5*i. Let x(y) = -y**3 + 2*y. Determine x(i).
4
Let l = 14 + -8. Let b = 9 - l. Let i be 46/(-8) + b/(-12). Let y(m) = m + 6. What is y(i)?
0
Let o = 1 - 7. Let s = o + 3. Let y(f) = 2*f. Calculate y(s).
-6
Let n(y) = 3*y + 3. Let k(m) = -2*m - 4. Let b(f) = -2*k(f) - 3*n(f). Calculate b(3).
-16
Suppose 0 = -4*n + 20 - 4. Let w(x) = 6 + x - 4*x**2 - x**2 + n*x**2. Give w(0).
6
Let t(m) = m**3 + m**2 - m - 2. Let i = -6 + 9. Suppose 3*p - i = -9. Let q be t(p). Let h(d) = d - 1. Calculate h(q).
-5
Let o(l) = l**2 + 7*l - 2. Suppose 0 = -107*z + 109*z + 16. Determine o(z).
6
Suppose 2*o - 12 = 4. Let k(d) = 6*d - 2. Let x(u) = -2*u + 1. Let t(f) = o*x(f) + 3*k(f). Determine t(-2).
-2
Let p(a) = -a - 2. Suppose -4*u = 5*k - 25, -14 + 4 = -2*k. Suppose 0 = 3*z + 2*z - 5*g + 55, u = -3*z - g - 13. What is p(z)?
4
Suppose -6*i = -2*i - 24. Let c(q) = 4 + q**3 + 2 - i. Give c(1).
1
Let x(n) = -3*n - 4. Let h(u) = -u**3 - 8*u**2 - u - 5. Let y be h(-8). Suppose 0 = -2*r - y*r - 20. What is x(r)?
8
Let j(n) = 5*n - 21. Let y(f) = -f + 5. Let a(w) = -2*j(w) - 9*y(w). Give a(-6).
3
Suppose 4*f + 2*r - 13 - 5 = 0, -9 = -3*f - 3*r. Let u(h) = h**3 - 7*h**2 + 7*h - 4. Calculate u(f).
2
Let g(x) = -2*x + x**2 + x**3 + 1 - 3 + 2*x. Give g(0).
-2
Let t(d) = -4*d + 1. Let k(c) = -3*c**2 - 3*c - 2. Let x(r) = 2*r**2 + r + 1. Let m(n) = 3*k(n) + 5*x(n). Let w be m(4). Calculate t(w).
5
Let o = -4 - 3. Let f(d) = 2*d**2 + 9*d. Let n(z) = 2*z**2 + 10*z. Let l(u) = o*f(u) + 6*n(u). Suppose 4*m = -2*v + 4 - 2, -5*m = -2*v + 20. Calculate l(m).
-2
Let d be 2 + 11/(-1) + 2. Let i(z) = -2*z - 5. Let b(o) = -6*o - 16. Let a(t) = d*i(t) + 2*b(t). Give a(-2).
-1
Let p = 19 - 22. Let o(s) = -20*s**3 - 26*s**2 + 9*s + 11. Let b(h) = 7*h**3 + 9*h**2 - 3*h - 4. Let u(q) = 17*b(q) + 6*o(q). Give u(p).
-11
Let f(s) = -10*s**2 - s + 1. Let h = 15 - 14. Calculate f(h).
-10
Let b(t) = 3*t + 15. Let u(r) = 2*r + 7. Let s(j) = -6*b(j) + 13*u(j). Determine s(-1).
-7
Let p(q) = q**2 - 7*q. Let y be p(6). Let r(m) = m. Determine r(y).
-6
Let c(s) = 3*s**3 - 2*s**2 - 3*s + 3. Suppose 5*j - 5 = 5. Determine c(j).
13
Let k be (-4*1)/(6/(-3)). Let u be k - 2 - (-3 + 1). Let f(v) = 4 + 2*v**u - 3*v + 0*v**2 - 3*v**2. Calculate f(-4).
0
Let y(j) = -1 + 1 - 2*j + 1